 + -1928)*((-189)/(-18) + -12)?
2, 3, 241
Suppose 4*d + 270 = u - 1160, 3*d = 4*u - 5694. What are the prime factors of u?
2, 3, 79
Suppose -t = 3*t - 4*y - 1036, -5*t + 1291 = -y. List the prime factors of t.
2, 3, 43
Let a = 8 - 3. Suppose 5*l - 20 - a = 0. Suppose 105 = l*y - 5*t, -y = -4*y - 2*t + 73. List the prime factors of y.
23
Let f be 2/8 + (-66)/8. Let i(r) = 5 - 8 - 6*r - 9 + 2. List the prime factors of i(f).
2, 19
Suppose -898*g + 894*g + 11460 = 0. List the prime factors of g.
3, 5, 191
Let b be (-2428)/44 + (-2)/(-11). Let n = 90 + b. What are the prime factors of n/2 - (-6)/(-4)?
2
Let t = 37 + -35. Suppose -r - 95 = -4*n, -2*n = -4*r - t - 42. List the prime factors of n.
2, 3
Suppose -2042 = -3*x - x + f, 2*x = -f + 1024. List the prime factors of x.
7, 73
Let w(y) = y**3 + 10*y**2 + 7*y - 12. Let p be w(-9). Let t(c) = 2*c**2 - 8*c - 5. Let v be t(p). List the prime factors of v/(0/1 - -1).
19
Let q = -3957 - -6713. List the prime factors of q.
2, 13, 53
List the prime factors of (-12)/40 - 9789/(-30).
2, 163
Suppose -5*o + 5*b = 65 + 10, 3*b = -4*o - 46. Let q(u) = -u**2 - 17*u - 17. What are the prime factors of q(o)?
5, 7
Let s(p) = -p + 3. Let r(x) = x**3 + 3*x**2 + 5. Let w be r(-4). What are the prime factors of s(w)?
2, 7
Let h be 4/26 + (-37)/(-13) + 0. Suppose 0 = 3*p - b - 508, -2*b + 436 = h*p - 78. What are the prime factors of p?
2, 5, 17
Suppose 10*u - 12837 = 473. What are the prime factors of u?
11
Suppose 0 = y + 4*g + 4, 2*g + 2*g = y - 4. Let r be 1*(3 + 2) + 1. Suppose 19 = -j + 3*j - f, y = 2*f - r. List the prime factors of j.
11
Let w = 264 - 254. List the prime factors of w.
2, 5
Let r(o) = 33*o + 46. Let s(h) = -99*h - 140. Let x(g) = -7*r(g) - 2*s(g). List the prime factors of x(-8).
2, 3, 37
Suppose 5*p - 3 - 17 = 0. Suppose -2*j - 4*u + 258 = 86, -j + 62 = -p*u. Let f = j - 42. What are the prime factors of f?
2, 3
Suppose 6*m = -2764 + 9358. What are the prime factors of m?
7, 157
Let m(u) = 6*u**2 + u + 4. Let d be m(-3). Let j = 140 - d. List the prime factors of j.
5, 17
Let o = 283 - -173. What are the prime factors of o?
2, 3, 19
Suppose 2*v = -i + 3, 4*i = -2*v + 2*i. Suppose -2*u - 8 = -5*k, -2*k = v*k + 3*u + 12. List the prime factors of (-27)/(-3 - k) - 3.
2, 3
Suppose 76*u = 58*u + 738. List the prime factors of u.
41
Let a(i) = 8*i**2 + 5*i + 1. Suppose q + 15 = -4*q. Let u be a(q). Suppose 0 = -8*v + 7*v + u. List the prime factors of v.
2, 29
Let y(l) = -l**3 - l**2 + l - 1. Let w(p) = 6*p**3 + 19*p**2 + 2*p + 8. Let z(v) = w(v) + 5*y(v). List the prime factors of z(-13).
3
Suppose 0 = 4*b - 3*a - 0*a - 416, 4*b + a = 416. List the prime factors of b.
2, 13
Let z be 62/((-3)/(4 - 7)). Suppose 0 = y - 4, 5*v + y - 82 - z = 0. Let m = v - 21. What are the prime factors of m?
7
Let g(u) = 16*u. Let b be g(4). Suppose -11*o + 2*y + 7 = -12*o, -2*o - 5*y = 11. Let j = o + b. What are the prime factors of j?
3, 17
Let v be 24/(-84) - (-58)/7. Suppose 3*l = 2*s + 3*s, 0 = -4*l - 2*s + 26. Suppose 3*b - v*b - l*w = -50, 0 = 5*b + w - 66. List the prime factors of b.
2, 7
Let k be 4/6 - 12/(-9). Let p = -19 - -9. What are the prime factors of 4*(-3 + k)*p?
2, 5
Suppose p - 8 = -p. Suppose -p*i = -97 + 17. Let g = 38 - i. List the prime factors of g.
2, 3
List the prime factors of (8764/8)/(13/26).
7, 313
Let p(n) be the first derivative of 7*n**2 + 3*n + 38. List the prime factors of p(2).
31
Suppose 6772 = 5*z - 2*c, -4801 = -4*z - 3*c + 635. List the prime factors of z.
2, 3, 113
Suppose -9 = -3*p + 6. Let w(z) = 2*z**3 - 8*z**2 + 8*z - 9. What are the prime factors of w(p)?
3
Let l = 6 + -6. Suppose 0 = 2*k - 4*c + 2, 3*k - c + 0 = 2. What are the prime factors of l/k + 2 + 4?
2, 3
Suppose -3*o - 281 = -3*v + 2*o, -4*v - 4*o + 428 = 0. What are the prime factors of v?
2, 3, 17
List the prime factors of (-3)/(-7) - (-114814)/98.
2, 293
Let m(y) = -5*y + 19. Let b be m(9). Let t = -24 - b. Suppose 70 = 5*u + 4*d, 6*u = u - t*d + 70. List the prime factors of u.
2, 7
Let k(q) = 3*q**3 - 29*q**2 - 37*q + 30. What are the prime factors of k(15)?
3, 5, 41
Suppose 58 = 4*y + 14. Suppose a - y = 129. List the prime factors of a.
2, 5, 7
Let g(a) = a**3 - a**2 + 7*a + 1. What are the prime factors of g(7)?
2, 43
Suppose -8*q - 42 = -11*q. Suppose -q*k + 7*k = -539. What are the prime factors of k?
7, 11
Suppose -27*c - 555 = -28*c. What are the prime factors of c?
3, 5, 37
Let x be (216/45)/(((-6)/(-20))/1). Let c(s) = s**3 - 15*s**2 - 10*s - 10. What are the prime factors of c(x)?
2, 43
Let a(l) = l**2 + 5*l + 9. Let p = -21 - -26. What are the prime factors of a(p)?
59
Let v(d) = 6*d**2 - 24*d - 22. What are the prime factors of v(-20)?
2, 1429
Let c(q) = 161*q + 40. List the prime factors of c(4).
2, 3, 19
Suppose -23296 = 7*j - 35*j. What are the prime factors of j?
2, 13
Let h(s) = 3*s - 15. Let q be h(7). Let f = 22 - q. List the prime factors of f.
2
Let h = 2 + 292. What are the prime factors of h?
2, 3, 7
Suppose -8*a - 945 = -11*a. Suppose 7*t - a = 385. List the prime factors of t.
2, 5
Suppose 2*l + 2 = 3*l. Suppose -l*q - 57 = -151. List the prime factors of q.
47
Let d(r) = -44*r**3 - 2*r**2 - 2*r - 1. Suppose -x - 7 = 3*j - 0*x, 15 = -3*j - 3*x. List the prime factors of d(j).
43
Suppose 0 = 2*h + 8*h + 350. Let j = 84 - h. What are the prime factors of j?
7, 17
Suppose 2*u + 5*u - 7 = 0. List the prime factors of u/(-6 + 4)*(-19 - -1).
3
Suppose 3*y + 32*y - 49700 = 0. List the prime factors of y.
2, 5, 71
Let u = 205 + -102. What are the prime factors of (0/(-3) - 3) + u?
2, 5
Let r(o) = 833*o**2 - o - 1. Let y be r(-1). Suppose 182 = -3*u + y. List the prime factors of u.
7, 31
Let k = 20 + -10. Suppose -8*h - 530 = -k*h. Suppose -5*t + 10*t = h. What are the prime factors of t?
53
Let t(d) be the second derivative of -d**3/6 - 9*d**2/2 - 3*d. Let i be t(-5). Let y = 54 + i. What are the prime factors of y?
2, 5
Let d be (-160)/24 + 2/3. Suppose 2*w - 131 = -o, -5*o = -10*o - 25. List the prime factors of w/d*(-9)/6.
17
Suppose 12*o - 4920 = 2*o. Suppose -2*n - f + 246 = 0, -2*n - 2*n + o = -5*f. List the prime factors of n.
3, 41
Let b = 5563 + -3358. List the prime factors of b.
3, 5, 7
Let v = 233 - 121. Suppose -3*j = 2*x - 286, 5*x + 3*j - v = 621. List the prime factors of x.
149
Let n = -53 - -97. Suppose -3*p = 29 - n. Suppose -240 = -4*g + 4*l, 0 = -p*g + 2*l - 5*l + 260. What are the prime factors of g?
5, 11
Let m = -21 + 68. Let t = 73 - m. Let w = -14 + t. List the prime factors of w.
2, 3
Let g = -3517 - -5297. List the prime factors of g.
2, 5, 89
Let r(j) = j**2 + 15*j - 27. List the prime factors of r(-20).
73
List the prime factors of (40/6)/(((-70)/567)/(-10)).
2, 3, 5
Suppose -4*z + 2688 = 4*g, -2*z + 1850 - 512 = 5*g. What are the prime factors of z?
2, 337
Let b = -26 + 14. Let c = b - -2. What are the prime factors of c*1*(-2)/4?
5
Suppose -326 = -5*g + w, 4*w = -3*g + 118 + 73. Suppose -5*x = -c - g, -4*x + 2*c = -0*c - 52. What are the prime factors of x?
13
What are the prime factors of 6 - ((-4)/5 + (-274148)/140)?
3, 5, 131
Let i(j) = j**2 - 16*j + 20. Let s be i(15). Suppose -2*l + 252 = -s*q, -5*q - 522 = -4*l - 4*q. Suppose 38 = -3*n + l. List the prime factors of n.
31
Suppose 9*b = 7*b. Suppose 2*o + b*o = 48. Let p = o + -13. List the prime factors of p.
11
Let t be (-2)/(-2 + 4)*0. Let h be (1/3 + 0)*12. Suppose v + t + 5 = s, -h*s - 2*v = -50. What are the prime factors of s?
2, 5
Let t(x) = 17*x**2 - 222*x - 12. What are the prime factors of t(22)?
2, 7, 17
Suppose -3*n + 3*y + 1750 = 4*y, 4*y = -n + 598. Let r = -319 + n. List the prime factors of r.
263
Let v = -317 - -360. Let g(h) = h**2 + 4*h + 9. Let i be g(-7). Let d = v - i. What are the prime factors of d?
13
What are the prime factors of (-551744)/(-352) + 1/((-33)/(-18))?
2, 7
Suppose 0*m - m = -2. Let y be 0 + 3 + m + 0. Suppose y*n - 37 = 3*f + 15, -48 = -4*n + 4*f. What are the prime factors of n?
2
Let a(t) = 26*t**2 + t + 2. Let j be a(2). Let d = 20 - 6. Suppose -11*g - j = -d*g. What are the prime factors of g?
2, 3
Suppose -15 - 60 = 5*n. Let z = n + 17. Suppose z*k - 16 = -4*d, -4*d = -k - d + 13. What are the prime factors of k?
2, 5
Let p = -10 - -43. Suppose 0 = -